{"version":"1.0","type":"rich","width":"560px","height":"140px","title":"keine Zeit f\u00fcr Erk\u00e4ltung - Von einem, der keine Zeit f\u00fcr seine Fernseherk\u00e4ltung bei der Staatsanwaltschaft hat. Oder so \u00e4hnlich.","url":"https:\/\/meine-url-ist-laenger-als-deine.de\/jsfp158-keine-zeit-fuer-erkaeltung\/","author_name":"J\u00f6rn Schaars feiner Podcast - Der Podcast aus dem echten Norden","author_url":"https:\/\/meine-url-ist-laenger-als-deine.de","thumbnail_url":"https:\/\/meine-url-ist-laenger-als-deine.de\/wp-content\/uploads\/2020\/06\/JSFPLogo-neu-siegfriedfock.png","html":"<iframe width=\"560px\" height=\"140px\" src=\"https:\/\/meine-url-ist-laenger-als-deine.de\/jsfp158-keine-zeit-fuer-erkaeltung\/?standalonePlayer\"><\/iframe>"}

keine Zeit für Erkältung - Von einem, der keine Zeit für seine Fernseherkältung bei der Staatsanwaltschaft hat. Oder so ähnlich.

Jörn Schaars feiner Podcast - Der Podcast aus dem echten Norden
